*2 + 38*b + 731. List the prime factors of l(29).
40519
Let t be -2*1617/(-36) + 2/12. Suppose -85*v - 670 = -t*v. What are the prime factors of v?
2, 67
Suppose 9*a + 2744 = 2*a. What are the prime factors of (-1 - 2)*a/6?
2, 7
Suppose 8 = 3*g + v + v, 0 = 5*g + 5*v - 20. Suppose g = 3*u - 4*m - 144, -u + m = 3*u - 205. What are the prime factors of u?
2, 13
Let t(k) be the third derivative of -41*k**4/24 - k**3/6 + 22*k**2. Let j be t(2). What are the prime factors of 3 - ((-1 - -1) + 0 + j)?
2, 43
Let n(o) = 733*o - 67. Let h be n(10). Suppose 9*t - 4104 = h. List the prime factors of t.
3, 421
Suppose 47*o - 215320 = 32*o - 25*o. List the prime factors of o.
7, 769
Suppose -149 - 91 = 6*r. Let z be r/(-14)*(-133)/(-38). Let v = z - -2. What are the prime factors of v?
2, 3
Suppose 28 = 2*t - 3*i - 33, 5*i + 20 = t. Let a = -1322 + 1375. Let w = a + t. What are the prime factors of w?
2, 11
Let w(o) = 820*o + 4760. What are the prime factors of w(40)?
2, 3, 5, 313
Suppose 42*v - 22 = 188. Suppose 0 = 4*i + v*j - 15, -9 = -3*i + i - j. What are the prime factors of i?
5
Let c(z) = 9*z**2 - 179*z + 442. List the prime factors of c(-43).
2, 3, 5, 7, 59
Suppose 5*w - 4*d + 165 = 0, -2*w = -5*d + 112 - 29. Let t = 28 + w. List the prime factors of (20/(-15) - t) + (-597)/(-9).
2, 3, 11
Let s(v) = -2*v**3 - 9*v**2 - 14*v + 5. Let l(u) = -4*u**3 - 18*u**2 - 28*u + 11. Let r(g) = 3*l(g) - 5*s(g). List the prime factors of r(-6).
2, 5
Suppose -5865 = -22*m + 9007. Suppose 9*h + 4*h - m = 0. What are the prime factors of h?
2, 13
Let w(l) = 10*l - 25. Let m be 1/(-5) + (-637)/(-35) - 1. Let p(j) = -j**3 + 16*j**2 + 18*j - 11. Let x be p(m). What are the prime factors of w(x)?
5, 7
Suppose p + 0*p + 4 = 0, 0 = -3*b + 4*p + 307. Let s = b + -101. What are the prime factors of -2 + 190 + 12/s?
5, 37
List the prime factors of ((-3 - -4966)*((11 - 6) + -3))/1.
2, 7, 709
Suppose 0 = 110*d - 105*d + 350. Suppose 2*l = 7*l + 1800. What are the prime factors of l/d*(-42)/(-4)?
2, 3
Let p be 0 - (-1 - -4*4/(-8)). Let n(j) = 28*j**2 + 3*j - 15. Let w be n(p). List the prime factors of (w/(-8))/((-9)/24).
2, 41
Suppose 2213732 + 1210424 = 41*o. List the prime factors of o.
2, 20879
Let i = 102 + -103. Let x be (1 + i/1)/1. Suppose x = 6*k - k - 100. List the prime factors of k.
2, 5
Suppose 6*w - 4 = 14. Suppose -8*v + 5*y = -9*v + 840, w*v = 2*y + 2435. List the prime factors of v.
5, 163
Let h = -964 - -4198. What are the prime factors of ((-2)/4)/((-11)/h*1)?
3, 7
Suppose -11610 - 45512 = -51*r + 58903. List the prime factors of r.
5, 7, 13
Let n be (-32)/(-16) + (4 - -1). List the prime factors of (10/(-2))/(n + (-1580)/225).
3, 5
Suppose -19*z - 230 = 1442. Let l = z - -717. What are the prime factors of l?
17, 37
Suppose 0 = -2*s - 81 + 83, 2*l - 13941 = 5*s. What are the prime factors of l?
19, 367
Let l(u) = 9*u**2 - 10*u + 58. Let r be l(-9). Suppose r = 8*d - 1227. List the prime factors of d.
263
Suppose 0 = b - 27*b + 338. Suppose -3*k + 12*p - b*p + 55 = 0, k - 13 = 5*p. What are the prime factors of k?
2, 3
Let k = 124 - 118. Suppose 411 = b - 4*i, -810 = -2*b + 10*i - k*i. List the prime factors of b.
3, 7, 19
Suppose 0 = -5*z + 35, 4*v - z - 179504 + 46975 = 0. What are the prime factors of v?
2, 16567
Let o(u) = 3588*u - 494. What are the prime factors of o(8)?
2, 5, 7, 13, 31
Let l(r) = -88*r + 69. Let d(m) = -88*m + 67. Let p(u) = 4*d(u) - 5*l(u). List the prime factors of p(8).
3, 11, 19
Let h(w) = 14*w**3 - 183*w**2 + 32*w - 30. List the prime factors of h(18).
2, 3, 11, 347
Let y(m) = -852*m + 2166. List the prime factors of y(-18).
2, 3, 2917
Let g(r) = -r**2 + 3*r - 8. Let p be g(-20). List the prime factors of 95/(-2)*(p/30 + 8).
19
Suppose 6*c - 8*c = 6, -5*c - 96 = 3*l. Let w(g) = -g + 4. List the prime factors of w(l).
31
Suppose -9 + 33 = 6*c. Suppose -3*k + c*k = i - 7, -4*i + k + 19 = 0. Suppose 0 = i*o + 5*m - 60, -4*o + 6*m + 20 = m. List the prime factors of o.
2, 5
Let j = 45 - 39. What are the prime factors of 69 + -12 + j/1?
3, 7
What are the prime factors of 11 + (-10)/2 + 0 + 2 + 5580?
2, 11, 127
Let q be 1/5 + 2304/80. Let r = q - -84. What are the prime factors of r?
113
Suppose 0*r + 3 = -2*r - 5*i, -3*r + 5*i - 42 = 0. What are the prime factors of (-6)/r*1170/12?
5, 13
Suppose -175 = -5*y + 290. Let h = 132 - y. Let p = h + -9. What are the prime factors of p?
2, 3, 5
Let b(m) = 4 - 3*m**2 + 0*m**2 + 0 - 9*m**3 - 6*m**3 - 3*m. Let w be 4 - 3 - 21/7. What are the prime factors of b(w)?
2, 59
Suppose 15*d = -38*d + 226469. What are the prime factors of d?
4273
Let g be ((-8)/4 - -3)*47. Let v = -29 + g. What are the prime factors of (-184)/(-18) + (-4)/v?
2, 5
What are the prime factors of 6/(-4) - ((-16695965)/(-38))/(-55)?
7, 163
Suppose -52*s + 368169 - 235545 + 388312 = 0. What are the prime factors of s?
2, 5009
Let r be 0 + -3 + 945/(-3). Let k = r + 679. Suppose -2*x - 53 = 2*l - k, 0 = -3*x + 4*l + 434. What are the prime factors of x?
2, 3, 5
Let a(b) = b**3 + 28*b**2 - 35*b + 90. Let k be ((-7)/(-3))/((-392)/96 + 4). What are the prime factors of a(k)?
2, 5, 107
What are the prime factors of (-4 - -3 - -5) + 505776/16?
5, 6323
Let d = -271 + 341. List the prime factors of 2841*d/147 + 3/21.
3, 11, 41
Suppose w + 2 = 2*d, -4*w + 5*d = -w + 5. Suppose w*b - 90 = -b. Suppose -l = -3*r + 280, -r + 2*l + b = 5*l. List the prime factors of r.
3, 31
Suppose 20*z = 7928 + 5319 + 2993. List the prime factors of z.
2, 7, 29
Let r = 349 - -6679. List the prime factors of r.
2, 7, 251
Let c = 574 - 1300. Let o = c + 1244. What are the prime factors of o?
2, 7, 37
Let z(v) = 434*v**2 - 17*v + 4. Let y be z(2). Suppose -2*n + 2*f = -y, 2*f = -n + 6*f + 859. What are the prime factors of n?
23, 37
Suppose -165*f - 140526 = -202*f. List the prime factors of f.
2, 3, 211
Let s(m) = -m**2 + 81*m - 6. Let a = 723 + -692. What are the prime factors of s(a)?
2, 193
Suppose 232 = 5*s - 168. Suppose -76*k + s*k = 420. Let p = k - 39. What are the prime factors of p?
2, 3, 11
Let s = 161 - 156. Suppose 0*v - v - 4*k = -514, 1067 = 2*v - s*k. List the prime factors of v.
2, 263
Let k(m) = 6630*m**2 - 142*m - 276. List the prime factors of k(-2).
2, 829
Let j(t) = t**2 + 8*t + 16. Let k(m) = 2*m**2 + 8*m + 16. Let i(c) = -3*j(c) + 2*k(c). Let l be i(10). What are the prime factors of l/(-14) - 3450/(-21)?
2, 41
Suppose 14306 + 18364 = 90*c. List the prime factors of c.
3, 11
Suppose -111234 = -2*i + 4*m, -166907 = -3*i + 94*m - 96*m. What are the prime factors of i?
55631
Suppose 2*u - 2 = u. Suppose 5*z = 5*b - 0*b, -3*b = 5*z. Suppose z = 5*t - 3*q - 378, -25 = u*t - q - 176. What are the prime factors of t?
3, 5
Let g(b) be the second derivative of 3/4*b**4 + 0 + 11/6*b**3 - 1/20*b**5 - 1/2*b**2 + 14*b. What are the prime factors of g(8)?
151
Let q(s) = -16 - 10*s - 5*s + 5*s - 9. Suppose 0 = 9*p - 3*p + 84. List the prime factors of q(p).
5, 23
Let b be (-1813 - 8)/((-3)/(-15)). What are the prime factors of (2 - b/6)/(3/2)?
1013
What are the prime factors of (1/(-2))/(0 - (-14)/(-41832))?
2, 3, 83
Let h = -48599 + 93873. List the prime factors of h.
2, 22637
Suppose 26*k = 21*k + 10. Suppose -k*f = -4*s - 146, 2*f - 5*f + 227 = 2*s. What are the prime factors of (112/20)/(-3 - (-228)/f)?
2, 5, 7
Let h(k) = k**3 + 12*k**2 + 6*k - 3. Let a be h(-3). Suppose 46*y - a*y = -22344. List the prime factors of y.
2, 3, 7, 19
Let a(b) be the second derivative of 7*b**4/12 - 5*b**3/3 + 11*b**2 - 9*b. Suppose 0 = 7*g - 15*g + 40. What are the prime factors of a(g)?
3, 7
Suppose 0 + 93 = 3*c. Suppose 3*b + 3 = 0, -5*m + 0*b - b - c = 0. What are the prime factors of (228/14)/(m - 255/(-42))?
2, 3, 19
Let y = -201 + 200. List the prime factors of y + 2 - (-4 + -193 - 3).
3, 67
Let d(f) = 5*f**2 - 70*f + 188. List the prime factors of d(35).
3863
Let l(n) = 19388*n**3 + 26*n**2 + 5*n - 6. List the prime factors of l(1).
3, 719
Let p be (-2 - 2)*(-3)/(-6). Let a(l) = -l**3 + l**2 + 4*l - 1. Let x be a(p). Suppose -36 = i - x*i. What are the prime factors of i?
2, 3
Suppose -10 = 5*h, 18289 = r + 13*h - 15*h. List the prime factors of r.
3, 5, 23, 53
Let a = -473 + 488. Suppose 2*j + a*j = 1326. List the prime factors of j.
2, 3, 13
What are t